e factors of g?
2, 3
Suppose 6*g - g = 3*t + 104, 5*g = -2*t + 114. What are the prime factors of g?
2, 11
Suppose 0 = -4*t + 3*t + 25. What are the prime factors of t?
5
Let l(i) = -i**3 + 5*i**2 - 3*i. Let b be l(4). Suppose 2*t = b*t - 12. What are the prime factors of t?
2, 3
Let o(y) be the second derivative of 0 - y + 3/2*y**2 - 5/12*y**4 + 5/6*y**3 + 1/20*y**5. List the prime factors of o(4).
7
Suppose 5*l + j - 9 = -39, 0 = -4*j. Let w(n) be the second derivative of n**4/12 + n**3 + 3*n**2 + 6*n. What are the prime factors of w(l)?
2, 3
Let x(d) = -d**2 + 7*d - 8. Let j be x(4). What are the prime factors of (588/3)/j - 3?
2, 23
What are the prime factors of 9*(104/6 + -3)?
3, 43
Let t be (-5)/(-4) + 4/(-16). What are the prime factors of t - (1 - 0 - 2)?
2
Suppose 11*c + 57 = 12*c. What are the prime factors of c?
3, 19
Let l = 99 - 64. List the prime factors of l.
5, 7
Suppose -3*o + 4*z + 276 = 0, -4*z = 3*o - 7*o + 372. What are the prime factors of o?
2, 3
Let m = 13 + -12. List the prime factors of m/2 - 62/(-4).
2
Suppose 19 = -4*y - 5. Let x be y/21 + 132/21. Suppose 5*k + 6*z = 3*z + 37, 2*k - x = z. What are the prime factors of k?
5
Suppose -2*i + 2*h - h = -13, 0 = 3*i + 4*h - 25. What are the prime factors of i?
7
Suppose 2*c - 246 = 2*z, 4*c + 3*z - 468 = z. List the prime factors of c.
7, 17
Let n be 3/((-2)/(-2 + 0)). Suppose -a + 4*z + 29 = -4*a, 0 = -a - n*z - 3. Let o = a - -30. What are the prime factors of o?
3, 5
Let h be (-2)/(-1) - (-2 - -3). Suppose -3*y = -5*k - h, 4*y + y - 10 = 0. Let s(v) = 11*v**3 - v + 1. List the prime factors of s(k).
11
Suppose -4 = -4*a + 16, 5*u - 1390 = a. List the prime factors of u.
3, 31
Let u(w) be the third derivative of w**6/120 - w**5/5 - w**4/2 + 2*w**3 - w**2. What are the prime factors of u(13)?
5
Let f(n) be the third derivative of 5*n**4/24 - 3*n**3/2 - n**2. What are the prime factors of f(8)?
31
Suppose 4*w - 8 + 0 = 0. Let p(r) = 10 + 0*r**w + r**2 + r - 8*r. What are the prime factors of p(7)?
2, 5
Suppose 5*n - 16 = 14. Suppose t = -1 + n. List the prime factors of t.
5
Let h(l) = l**2 + 3. Let d be 1/(3*(-1)/(-6)). Suppose 5 - d = f. List the prime factors of h(f).
2, 3
List the prime factors of 260/(-39)*(-6)/4.
2, 5
Suppose 5*t - 16 = 14. Let d be (2/(-6))/(2/t). What are the prime factors of 1*(d - 5)/(-1)?
2, 3
Let q(m) = -2*m - 5. Let a(l) = -l. Let k(t) = 3*a(t) - q(t). Let w be k(5). Suppose w = 7*c - 2*c - 65. What are the prime factors of c?
13
Let b(m) = m**3 + 5*m**2 + 3*m - 4. Let c be b(-3). Suppose -4*x + k + 14 = 0, 4*x - 4 = -c*k + 22. What are the prime factors of x?
2
Let w = -63 - -240. Let t be w/12 + 1/4. Let r = t - 8. What are the prime factors of r?
7
Let p(j) = -j + 3*j**3 + 0 - 2*j**3 + 5*j**2 - 1. Let b be p(-5). Suppose 5*f = b*f + 2. What are the prime factors of f?
2
What are the prime factors of (-996)/(-9) + (-1)/(-3)?
3, 37
Let m(i) = 19*i**3 - 6*i**2 + 8*i - 7. Let x(y) = -y**3 + y**2 - y + 1. Let s(w) = m(w) + 6*x(w). List the prime factors of s(1).
2, 7
Let r(q) = 2*q - 3. Let a be 6/(-2 + -1) + 16. Let d = -10 + a. List the prime factors of r(d).
5
Let p be 1/1*(3 - 2). Suppose w - 10 = p. List the prime factors of w.
11
Let h(m) = -5*m + 2. Let p(c) = -29*c + 11. Let j(y) = 34*h(y) - 6*p(y). Let a be j(2). Suppose 2*d - 30 = -a. What are the prime factors of d?
2, 5
Suppose 5*y + 51 = 136. What are the prime factors of y?
17
Suppose 0*g - 10 = 5*g. Let h be (2 + -1)*(2 - 7). What are the prime factors of 2/(-4) + h/g?
2
Let f be (0 - 5)/((-3)/3). Suppose -2*a + 8 = 2*s + 2, -f*s = 25. What are the prime factors of a?
2
Let y(o) = -o. Let w be y(-5). Suppose 5*h = -3*u + 83, h - 165 = -w*u - 2*h. List the prime factors of u.
2, 3
Suppose r = u - 92, -4*u - 360 = 4*r - 8. Let n = r - -155. Suppose 5*c - n = -25. What are the prime factors of c?
2
Let w(m) = -92*m - 26. What are the prime factors of w(-3)?
2, 5
Suppose -x = 3*l - 40, -3*l + 22 = 4*x - 12. List the prime factors of l.
2, 7
Suppose -f = 13 - 67. List the prime factors of f.
2, 3
Let k(l) = 2*l - 3*l - 1 - 8. List the prime factors of k(-11).
2
Suppose -4*f + 83 + 477 = 0. What are the prime factors of f?
2, 5, 7
Let p(k) = 4*k**2 + k - 2. Let b = 0 - -2. List the prime factors of p(b).
2
Let m(w) = -w**3 + w**2 + 2*w - 4. Let n be (15/20)/((-1)/4). Let d be m(n). Suppose -4*b + 0*b + d = -j, -3*j = 3*b - 27. List the prime factors of b.
7
Let r = 0 - -4. Let c = r + -2. Suppose c*j = 4*a + 36, -3*j - j + a = -58. What are the prime factors of j?
2, 7
Let k(t) be the third derivative of 11*t**6/120 + t**5/30 - t**4/24 - 6*t**2. What are the prime factors of k(1)?
2, 3
What are the prime factors of 42/4*(-8)/(-3)?
2, 7
Let y(v) = 7*v**2 - 3*v**3 + 5*v + 4*v**3 + 2 - 5 + 0*v**3. List the prime factors of y(-5).
2, 11
Suppose -139 = -5*h + 26. List the prime factors of h.
3, 11
Let a be 1/(3/9 + 0). Suppose a*f + f = 36. What are the prime factors of f?
3
Let h(p) = -p**3 + 3*p**2 + 5*p - 5. Suppose 0 = -2*f + 5 + 3. Let m be h(f). What are the prime factors of (2 + -11 + -1)/m?
2, 5
List the prime factors of (32/80)/((-1)/(-20)).
2
Let l = 28 + 20. List the prime factors of l.
2, 3
Suppose 32 = -4*y - 0*y. Let t be y/(-28) + (-248)/(-14). List the prime factors of (4/12)/(1/t).
2, 3
Suppose 0*o = o + 5*r - 23, 52 = 5*o + 4*r. Let d = o + 11. What are the prime factors of d?
19
Let l be 94/18 + (-22)/99. Let h(m) = -m - 3. Let a be h(5). List the prime factors of 1*l - 0/a.
5
Let w(j) = -j - j - 7*j**2 - j**3 - 9 - j + j. What are the prime factors of w(-7)?
5
Let p(c) = c + 6 + 3*c**2 + c**2 + c**3 - 2*c**2 - c**2. List the prime factors of p(0).
2, 3
Suppose 2*y - 2*w - 203 = -w, 2*y + 3*w - 223 = 0. List the prime factors of y.
2, 13
Let v be (-1 + 6/3)*10. Suppose -2*t = -v, 4*k + 4*t = 6*k + 14. Suppose k*r - 4*r = -7. What are the prime factors of r?
7
Let c(k) = k**3 + 2*k**2 - k. Suppose 0 = 2*d - z + 3*z - 16, 2*d + 12 = 5*z. Let g = -3 + d. What are the prime factors of c(g)?
2
Let r(k) be the first derivative of -k**4/2 - 4*k**3/3 - k**2 - 2. Let d be r(-3). List the prime factors of (d/9)/((-4)/(-18)).
2, 3
Suppose 0 = -5*g + 2*c - 5*c - 62, g + 5*c = -8. Let w = g + 24. What are the prime factors of w?
11
Let i(l) = 4*l + 17. What are the prime factors of i(0)?
17
Suppose 23 = r - 0*r + 5*y, -3*r - 2*y + 43 = 0. Let c = 7 - r. Let h = -4 - c. What are the prime factors of h?
2
Suppose -5*l + 5 = -0. Suppose -17 = -4*n - l. Suppose -4*f = 2*o - 10, n*f - 2*o - 2*o = 16. What are the prime factors of f?
3
Let h(l) = l**3 - 2*l**2 + l - 1. Let d be h(2). Suppose -d - 2 = -k. What are the prime factors of k?
3
Suppose -5*x = -5*t + 2*t + 724, t + 5*x = 248. List the prime factors of t.
3
Let p(f) = 5*f - 8. Let v(b) = -b + 11. Let o be v(5). What are the prime factors of p(o)?
2, 11
Suppose 5*p + 2*w = 115, 3*p + 2*w - 65 = -0*w. What are the prime factors of p?
5
Let h(q) = q**3 + 3*q**2 - 5*q. Suppose 4*t = -15 - 1. List the prime factors of h(t).
2
Let u(g) = -g**2 + 6*g + 3. Let d be u(6). Suppose 3 = -d*b, c + 4*b - 7 = -b. List the prime factors of c.
2, 3
Let c(h) = 23*h**2 - 1. Let b = -16 - -17. List the prime factors of c(b).
2, 11
Suppose 2*d = 4*q, -d + 5*q = -9 - 6. Suppose 0*r - r + 16 = 0. Let g = r + d. List the prime factors of g.
2, 3
Let t(q) = -2*q**3 - 3*q**2. Let k be t(-2). Suppose 4*c + 36 = -0*c + k*g, g = -3*c - 43. Let s = -7 - c. What are the prime factors of s?
2, 3
Let v(g) = 4*g**3 - 5*g**3 + 4 + 0*g**3 + 3*g**2 + 2*g. Let l(q) = q**3 - 4*q**2 + 2*q - 5. Let b be l(4). What are the prime factors of v(b)?
2, 5
Suppose -3*m - 2*q = 3*q - 46, 2*m = -3*q + 30. Suppose -v - v = -m. Let z = 6 + v. What are the prime factors of z?
2, 3
Suppose -26 + 7 = -3*b - 2*r, 5*b - 3*r = 0. Suppose b*v - 4*v + 2*x = -18, x - 11 = -2*v. List the prime factors of v/20 + 8/5.
2
Let y = 1 - -2. Suppose -5*f - 1 + 11 = -y*b, b = f. Suppose 4*v - 15 = b. What are the prime factors of v?
5
List the prime factors of 45/4*8/3.
2, 3, 5
Let l(k) = -k. Let s(y) = 9*y + 4. Let v(m) = -6*l(m) - s(m). List the prime factors of v(-3).
5
Let x = -12 + 13. List the prime factors of 23/((2/x)/2).
23
Suppose 5*w + 1 = i - 0*i, 0 = -w - 5*i - 21. Let x be w - (-1 